ppose -2*a + 13 + i = 0. What is the tens digit of a?
1
Let u = -14 - -26. Suppose -3*n - u = 24. Let v = -8 - n. What is the units digit of v?
4
Let t = 13 - 28. Suppose 13*z - 4 = 15*z. What is the units digit of (t/(-5))/((-3)/z)?
2
Let l be (-2)/4 - 15/(-6). Suppose 95 = 3*m + l*m. What is the tens digit of m?
1
Suppose 2 = f - 8. What is the units digit of f?
0
Suppose 2*d = 2*p - 102, -5*d = 3*p + p + 300. Let v = 95 + d. What is the tens digit of v?
3
Suppose 0*m + m = -4*j + 110, j + 634 = 5*m. What is the units digit of m?
6
Let k(r) = r**2 + 10*r + 2. What is the units digit of k(-10)?
2
Suppose -3*f - 14 = -4*f. Suppose 3*g + 12 = q, -17 = -3*q + 4*g + f. What is the units digit of q?
9
Suppose -3*b + 3*u + 39 + 3 = 0, 0 = 3*b + 2*u - 37. Let v = 53 + -30. Let x = v - b. What is the units digit of x?
0
Suppose 4*p = 3*p + 7. What is the units digit of p?
7
Let z(x) = -x**3 - 12*x**2 - x + 11. What is the units digit of z(-12)?
3
Suppose 4*g - 12 = 0, -301 = -5*z - 4*g - 44. What is the units digit of z?
9
Let d be 14/4 + (-6)/4. Suppose d*t - 2*w - 10 = 0, 2*t - t - 5*w = 21. What is the units digit of t?
1
Let y be -3 - -1 - (-1 - -2). Let t(x) = -6*x - 3. Let i be t(y). Let l = i - 6. What is the units digit of l?
9
Let l(u) = u**3 - 4*u**2 - u - 3. Let w be l(5). Let k(i) = -i - 13. Let f be k(-4). Let p = w + f. What is the units digit of p?
8
Let j(g) be the third derivative of g**5/30 + 5*g**4/8 - 6*g**2. What is the units digit of j(-10)?
0
Let j(f) = f**3 + 8*f**2 - 4*f + 2. Let k be j(-8). Let t = k - 2. What is the tens digit of t?
3
Suppose -3 = 5*q - 8. Let p = 2 + -2. Let r = p + q. What is the units digit of r?
1
Let t(r) = -2*r**2 - 4*r**2 + 5*r**2 - r + 5. Let h be t(0). Let z(g) = g + 5. What is the tens digit of z(h)?
1
Suppose -25 = -d + 29. What is the units digit of d?
4
Let p(h) = h + 52. What is the tens digit of p(0)?
5
Let k = -48 - -73. What is the units digit of k?
5
What is the units digit of (-76)/(-36)*3*6?
8
Let t = 0 - 0. Suppose 3*h + t*h = 9. Suppose -u + 0 = -h. What is the units digit of u?
3
Let n = 17 - -43. Suppose 4*b = -b + n. What is the units digit of (b/9)/((-4)/(-30))?
0
Suppose 5*c = 16 + 89. What is the tens digit of c?
2
Suppose q - 8 = i, 0 = -3*q + q - 3*i + 31. Let t = q + -4. Let l = t + -5. What is the units digit of l?
2
Let n(v) = -v**3 - 7*v**2 - 3*v - 7. Let c(z) = -z**2 + z - 1. Let u be c(-2). What is the tens digit of n(u)?
1
Let v = 3 - 1. Suppose -v*j - 13 = -3*j. What is the units digit of j?
3
Suppose 0 = -2*k - 4*s - 120, s = 4*k + 2*s + 247. Let v = 115 + k. Suppose -j - v = -3*t, -t + 2*t + 4 = -4*j. What is the units digit of t?
6
Let c(f) = -9*f**3 - f**2 + 1. Suppose -3 = 3*s, w + 0*s - 5*s = 6. Let r be c(w). Let o = r + 24. What is the tens digit of o?
1
Suppose r + 7 = 26. Suppose o - 4*g + 5 = 0, o + 4*g - r = -0*g. What is the units digit of o?
7
Let c(a) = -3*a - 12. Let b be c(-9). Let p = b + -11. What is the units digit of p?
4
Suppose 120 = 9*s - 3*s. What is the units digit of s?
0
Let n(c) = 2*c**2 - 6*c - 6. Let o be n(-4). Suppose 6*u - u - o = 0. Suppose -l + u = -3*l, 0 = 3*x - l - 26. What is the units digit of x?
7
Suppose -9*y + 3*y = -300. What is the tens digit of y?
5
Let h = 6 - 4. Suppose -h*l = -3 - 1. Suppose -2 - 14 = -l*s. What is the units digit of s?
8
What is the hundreds digit of 615/6 + -3 + 7/2?
1
Let g = 1 - -2. Let c(l) = 2*l + 0*l**2 + 4 + l**2 - 4*l. What is the units digit of c(g)?
7
Let u(m) = -m**3 - 4*m**2 - 3*m - 2. Suppose 2*l = -3*v - 3, -v + 0 + 9 = 4*l. Let y be u(v). Let h(i) = -8*i - 1. What is the tens digit of h(y)?
1
Let h = -105 - -393. What is the tens digit of h?
8
Let n be 1/(2/(-16) - 0). Let p(k) = -5*k - 12. Let d(y) = 4*y + 11. Let i(r) = -3*d(r) - 2*p(r). What is the units digit of i(n)?
7
Let d be (20/3)/((-1)/3). Let v = d + 35. What is the tens digit of v?
1
Suppose 10 = -5*m + 2*r + 45, 5*m = -4*r + 5. Suppose -4*l = -p, 4*p + m*l = p. What is the units digit of (12 - p)*(-1)/(-2)?
6
Let z = -37 - -56. Let m = 47 - z. Suppose -21 = -3*r - 3*t, t = -4*r + 5*t + m. What is the units digit of r?
7
Let u(x) = -x - 1. Let b(m) = m + 2. Let v be b(-5). What is the units digit of u(v)?
2
Let p be (-6)/8 + (-9)/(-12). Suppose p*l - 4*l = -80. What is the units digit of l?
0
Let u(k) = -4*k. Let w be u(-1). Suppose -3*b - f - 7 = w*f, -4 = 4*b + 4*f. What is the units digit of b?
1
Let o = 66 + -32. Suppose -l + o = l. What is the tens digit of l?
1
Let f(r) = -2*r - 2. Let p(m) = -m + 5. Let k be p(8). What is the units digit of f(k)?
4
Let t = 5 + -2. Let l(b) = 0*b - t*b + 4*b + 2. What is the units digit of l(6)?
8
Let f(p) = p**2 + p - 8. Let b be f(6). Let t = b - 8. What is the tens digit of t?
2
Suppose 0 = -4*p + 6 + 6, 2*p = -4*u + 222. Suppose -22 + u = 4*i. Let v = 3 + i. What is the tens digit of v?
1
Suppose -4 = -i - 0. Suppose -3*a - 30 = -5*j, -5*j - 1 = 4*a + i. Suppose -7*z - 5*r + 53 = -3*z, -j*r = -4*z + 13. What is the units digit of z?
7
What is the units digit of ((-9)/6 - -1)/(1/(-134))?
7
Let x(s) = -s - 5. Let n be x(4). Let z be (-209)/(-3) - (-6)/n. Suppose -4*g + z = v, -19 = 2*g + v - 52. What is the tens digit of g?
1
Suppose 8*g - 3*g = -4*f + 17, 0 = -5*f + 5*g + 10. Suppose f*v = -2*v + 130. What is the tens digit of v?
2
Suppose 4*i + 31 = 3. Let h = -6 - i. What is the units digit of h?
1
Let h be (-2)/(-7) - (-114)/42. Suppose -5*n + 18 = u + 1, -25 = -h*u - 2*n. What is the units digit of u?
7
What is the tens digit of ((-12)/24)/((-2)/208)?
5
Suppose 8 = -4*b - 12. Let d(c) be the first derivative of -c**2/2 - 3*c + 2. What is the units digit of d(b)?
2
Let o be 24/6 + 2*-1. Suppose 2*g + o - 6 = 0. What is the units digit of g?
2
Let y = 13 + -9. Suppose -l = o - 1, -2*o - y*l = -6*o + 4. What is the units digit of (-4)/3*(-2 - o)?
4
Let r(u) = -u - 4. Let y be r(-3). What is the units digit of (y + -1)/(2/(-3))?
3
Let r be (-1)/2*(-14 + 4). Suppose -k + r = -2*k. Let q = -1 - k. What is the units digit of q?
4
Let m be ((-4)/(-5))/((-2)/(-5)). Suppose m*p - 6 = 2. Suppose -p*q + 26 = -2. What is the units digit of q?
7
Let f(h) = -h**3 - 3*h**2 - 3*h - 3. Suppose -q - 13 = -2*y, -4*y = -5*q - 31 - 4. Let x = 2 - y. What is the units digit of f(x)?
6
Let h(r) = -r**2 + r - 4. Let q be h(4). Let y = 32 + q. What is the units digit of y?
6
Let q(o) = o**3 - 6*o**2 - 10*o - 4. What is the units digit of q(8)?
4
Suppose 0 = 3*u - o - 9, -3*u - 4*o = -7*u + 20. What is the units digit of (11/u)/(4/8)?
1
Suppose 0 = -n - 0*n + 2. Let r = 1 + 26. Suppose -n*t + r = 11. What is the units digit of t?
8
Suppose -16*x = -15*x - 111. What is the tens digit of x?
1
Suppose 3*n - 5*n + 512 = 2*p, 4*p - 3*n - 1010 = 0. What is the hundreds digit of p?
2
Suppose 3*y - 556 + 25 = 0. What is the hundreds digit of y?
1
Let d(r) = -2. Let y(n) = n - 28. Let p(a) = -22*d(a) + 2*y(a). Let l(s) = s**3 - s**2 + 3*s - 1. Let g be l(2). What is the units digit of p(g)?
6
Let g = -14 - -19. Suppose -3*y + j - 7 + 96 = 0, -y + g*j + 53 = 0. What is the tens digit of y?
2
Let q = 13 - 9. Let c = q - -9. What is the tens digit of c?
1
Suppose -3*b = -0 + 6. What is the tens digit of (b + 4)/(2/11)?
1
What is the tens digit of ((-12)/5)/((-2)/20)?
2
Suppose -d + 6 = -0*d. Let s = d - 4. Suppose -5*j = -s*j - 15. What is the units digit of j?
5
Suppose 0 = -4*z - 96 + 372. Let d = z - 36. What is the units digit of d?
3
Let o = -8 + 35. Let x be 2/(-9) + 60/o. Suppose 4*z - 14 = -2*s, -5*z + s + 30 = x. What is the units digit of z?
5
Suppose 6 = -4*q + 3*q. Let v = q + 13. What is the units digit of v?
7
Suppose 2*i + 10 = 0, -4*i = 6*y - 2*y + 44. Let b = 2 - y. What is the units digit of b?
8
Let m(n) = -n**3 - 1 - 5*n**2 + 21 + 3*n**2. What is the units digit of m(0)?
0
Let w(h) = h + 4. Let k be w(-4). Suppose k = 2*t + t + 27. What is the units digit of (-24)/t + 2/6?
3
Let n be ((-3)/6)/(2/(-8)). Suppose 3*y = -n*q + 23, -4*q + 6*q - 33 = -5*y. Let j = q - 3. What is the units digit of j?
1
Suppose 0*b + 2*b = 0. Suppose 0 = i - 11 - b. What is the tens digit of i?
1
Let q = -18 + 50. What is the tens digit of q?
3
Let w(o) = -o**3 - 6*o**2 - 6*o - 6. Let c(z) = -2*z + 4. Let y be c(5). W